29 - -6)) - 1?
-9
Calculate 7 + (7 - (-17 - -25) - (0 - -2) - 2).
2
125 + -175 + 179 + -217
-88
(-1056 + 1044 + 1 + -50 - 30) + (0 - 12)
-103
What is the value of -6 - -2 - (-7 + -1 - ((-171 - -46) + 56))?
-65
91 + -96 + 53 + 16
64
Calculate (29 - 10) + 23 - 35 - -67.
74
(-7 - 62 - 3) + (-7 - (-22 + -4))
-53
Evaluate (0 - -2 - 1) + -5 + -14 + (24 - -22).
28
Evaluate (1 - -31) + -877 + 830.
-15
What is (9 - (16 - 40)) + -22?
11
What is the value of -20 - (11 + -3 - -10)?
-38
Evaluate (-157 - -39) + (34 - 10) + 25.
-69
What is the value of -80 + (120 - 72) + 3 + -19 + -3?
-51
What is the value of 14 + (44 - (6 - -35))?
17
Calculate -222 + 307 - (-34 + 1).
118
Evaluate (-9 - -9 - 32) + (-4 + -4 - -1 - -18).
-21
Calculate -759 + 652 - (7 - 159).
45
What is the value of -56 - (50 - 133) - (-3 + (-6 - (0 - 4)))?
32
0 + 43 - (3211 + -3117)
-51
Evaluate 46 - (-14 + 0 - (-29 - -6) - 12).
49
What is 24 - -85 - (198 - 94)?
5
-107 + (-8 - -8) + -5 + -16 + 16 + 20
-92
Calculate (-1094 - -1066) + (97 - 6).
63
What is 317 + -314 - (-36 - -6)?
33
11 - ((-14 + 7 - -6) + -40 + 1)
51
What is the value of 50 - (1 + 34 + -28 - -24)?
19
56 + (-127 - (-10 + 15))
-76
Evaluate -16 - (-25 + (23 - (-23 + -7))).
-44
Calculate 1 + (17 - -3) - (1 + (34 + -15 - 11)).
12
Evaluate (23 - 71 - -9) + -22.
-61
Evaluate 5 + -84 + 10 - (7 - (12 + (6 - 14))).
-72
Calculate 47 - (59 + -78 - -99).
-33
Calculate -13 + 4 + (14 + -5 - (1 + -36 + -3)).
38
-28 + 15 + 3 - ((0 + -7 - -3) + -38)
32
Calculate -45 + 51 + 2 + 62.
70
-1924 + 2007 - (0 - -27)
56
Calculate (6 - (9 + -19)) + (-63 - -45).
-2
(4 - -9) + -44 + 0 + -2
-33
-13 + -6 + (12 - 10) - 0
-17
What is the value of 8 + (140 + -154 - ((-1 - 2) + 14))?
-17
Evaluate (49 - -11) + -52 - 52.
-44
-115 - (-118 + -65) - 154
-86
What is the value of -37 + (-25 - (13 + -21) - -40)?
-14
Calculate 30 - (15 - (47 - 42)).
20
-80 + 1 + -5044 + 5072
-51
(43 - 133) + 6 - (-9 - (4 + -2))
-73
Evaluate 10 + (-53 - (-19 + 26)) + 23.
-27
Calculate -53 - (1 + -1 - (-1 - -2)) - (-118 + 118).
-52
Calculate 21 + (45 - (22 - -60)) - (2 + -75).
57
What is (103 - 187) + (-49 - -22 - -24)?
-87
Evaluate -242 + 134 + 104 + 18 + (-1 - -3).
16
(69 - 112) + 13 + -2 - -20
-12
Evaluate -19 + (-3 - -3) + 5 + -5 + -3.
-22
(8 - 20) + (19 - 0 - 6) + -10
-9
Evaluate 5 - (-14 + (35 - (18 - 4)) - 5).
3
54 - (-1 + 33 + (32 - 49) + -21)
60
What is the value of -21 + 39 + -25 - (-2 - -26)?
-31
What is the value of 9 - (-28 + 10 + -12 + (2 - 1) + 3)?
35
What is the value of 24 + -9 + -60 + 26?
-19
3 - (-105 + -2 - (17 - -2))
129
Calculate 27 + (99 - 76) + -72.
-22
What is the value of 6 + -6 - (74 - 72)?
-2
Evaluate -2962 - -2947 - (34 + -2 - 6).
-41
What is the value of (14 - -12 - 17) + -18 - (25 - (-1 - -2))?
-33
What is (-2 - -3) + -39 + (0 - 50) + (-39 - -97)?
-30
Evaluate (-5 + (15 - 56) - 11) + (1 - 19).
-75
Evaluate 18 + (91 - -8 - 18).
99
(15 - (6 + 17)) + -30 - -8
-30
Calculate 70 + -122 - (4 + (-4 - -5) - -13).
-70
Calculate 1 - (58 + ((-43 + 14 - -16) + 16 - -2)).
-62
Calculate 2 + (10 - -2) + -3 + (2037 - 2058) - -102.
92
Calculate 86 - (87 - (59 + -8)).
50
Calculate (-4 - (-2 - -11)) + (38 - 27) + 32.
30
What is -63 - -64 - (-1 + 3 - ((-3 - -10) + 1))?
7
What is the value of -6 + 0 + 2 + (628 - 624) + (0 - 45)?
-45
-37 + 16 + -42 + 3 + 5 + 22
-33
What is 2 + -2 + 10 + -41 + -28 + 8?
-51
Calculate (81 - (114 + -213)) + -78.
102
Calculate -3 + 6 + 9 + -39 + (-10 - 0).
-37
Calculate -505 - -412 - (-5 + -3).
-85
What is the value of -7 + 4 + (-25 - -1 - -27) + (-1 - -10)?
9
What is the value of -8 + 10 + (27 - 45)?
-16
What is -23 + 17 - -21 - 9 - (-3 - -19)?
-10
(-2 - 9) + (22 - (-3 - (15 + -26) - 9))
12
What is 7 + -67 + 27 - 3?
-36
What is the value of (14 - (43 - 50)) + (-7 - 84)?
-70
What is -104 + (-6 - 22) + 19 + 11?
-102
What is 0 + 84 + 60 - 76?
68
Evaluate (-55 - -1) + (75 + -10 - 58).
-47
What is the value of (12 - 38) + 75 + -24?
25
Calculate 35 + (-43 + 16 - 31 - -28).
5
What is (2 - -31) + (113 - 119)?
27
Calculate 2 + 146 + (130 - 182).
96
Calculate 280 + -311 + -1 + 7 - -35.
10
What is the value of 2 - 3 - 0 - -19 - ((-41 - -39) + 8)?
12
Evaluate (211 + -180 - (-24 - -1)) + 1 + -16.
39
What is the value of -8 + (14 - (-5 + 9 - -14 - 12))?
0
Evaluate 54 - ((-1 + (12 - 24) - -8) + 11).
48
Evaluate 43 - 134 - -123 - 58.
-26
What is 165 + -143 - (18 - 4)?
8
21 + (15 + 1 - (-74 - -78))
33
What is the value of -14 + 4 + -2 + -48 + -5 + 11 + 0?
-54
Evaluate -173 + 180 + 20 + (7 - 11).
23
Calculate 2 + (1 - 5) + 9 + (14 - (-29 - -23)).
27
What is -14 + -20 + 10 + -12 + 22?
-14
What is -105 + (30 - (-210 + 98))?
37
Evaluate -2 + 4 + (13 - (-1 + 24)).
-8
(9 - 17 - 4) + 11 + 48 + 1 + -3
45
What is -19 + -54 + 25 + 34?
-14
Evaluate (-9 - (4 - 39)) + -29 - 8.
-11
Evaluate -3 + (5 + 4 - -3) + (-60 - -11).
-40
What is the value of -18 + (7 + -25 - -68)?
32
Evaluate -24 + 12 - ((0 - 27) + 9) - (-48 + 1).
53
1 + 2 + 14 + (-5959 - -5955)
13
Evaluate -102 + (15 - 26) + 105.
-8
What is -98 - ((-2 - -3) + 3) - (2 + 93 + -92)?
-105
-29 + 66 + -39 - (-5 - -4 - (0 + -11))
-12
(-26 - -14) + 0 + -13 + -1
-26
Calculate -40 + 13 - (15 - 93).
51
Evaluate 14 + (45 - 2 - (45 + -88 - -47)).
53
Evaluate (-21 - -2 - -7) + (-4 - (3 - (-20 - 8))).
-47
Calculate (-26 - 4) + -17 - -16.
-31
What is the value of (5 + 0 - -4) + (-77 - -61) - -6 - 10?
-11
Calculate -3 + (-4 - 25 - 18).
-50
What is the value of (-58 - -54) + (-1 + -13 - (-45 + 34))?
-7
What is (-6 + 70 + 10 - (-1 + 11)) + -26 + 31?
69
Calculate -50 + 21 + 64 + -10.
25
What is (39 - -1 - 7) + (-4 - 12 - -21)?
38
-61 - 0 - (-1576 + 1518)
-3
37 + (-20 + 1 - (-78 - -58))
38
Calculate -13 + (14 - 19) - ((-10 - -9) + -5).
-12
What is (24 - 58 - -29 - -63) + -4?
54
What is -8 + (-50 - -32 - (0 - 95))?
69
Evaluate (-6 + -6 + (-7 + 17 - 8) - -6) + 25.
21
What is 88 - (-141 + 63 - -101)?
65
Evaluate (-7 - (1 - -2) - -4) + 21.
15
Evaluate -46 + (-59 + (-18 - -61) - (2 - -2)).
-66
What is the value of -3 - (86 + 14 - -9)?
-112
Calculate 5 - (62 - (-31 + 65)) - 22.
-45
What is 4 + -44 - (5 + -60 + 53)?
-38
What is the value of -1 - 1 - 15 - (-256 - -43 - -108)?
88
(-163 - (-52 - 59)) + -89
-141
What is the value of 55 + (2 - 0 - (32 - 17)) + 8?
50
-179 + (-66 - -235) - (-1 - -6)
-15
What is (4 + 2 + (5 - 14) - 2) + 80?
75
What is the value of -84 + 111 - (-37 + -2 + 11)?
55
Evaluate (26 - (66 - 56)) + -36.
-20
What is -15 + (6 - (0 - -3)) - (540 + -564)?
12
26 + (12 - (14 + 2 + -26 + 14))
34
-56 + 41 + 41 + -67 - (1 + -14)
-28
Calculate (-1 - (6 - 50)) + (15 - (43 + -14) - -18).
47
1 + 70 + -1242 + 1154
-17
Calculate 1 - (6 - ((3 - (-4 - -3)) + (32 - -19))).
50
Calculate 33 + (-13 - (-130 + 120 + (2 - 0))).
28
What is the value of -6 - 7 - ((34 - 6) + 4)?
-45
What is 147 - (-33 - -109) - -10?
81
6 + (-7 - (-16 - -25)) - 18
-28
Evaluate -60 + -2 - 0 - (-33 + (34 - (25 - 20))).
-58
What is 18 + -4 + 7 + -1 + -1 + (-6 - -9)?
22
Evaluate 81 + -41 + 4 + -103.
-59
What is the value of -1 + 4 - 39 - (-12 - (-12 + -5) - 7)?
-34
Calculate -24 + (95 + -16 - -8) - -26.
89
What is -260 - -275 - (81 - (4 - 2 - 7))?
-71
-40 - (-28 + -12 + 0 + 66)
-66
What is the value of -26 + -25 + -19 + 50?
-20
Evaluate -145 + (-11 - (-34 + (-5 - (-11 - 1)) - -11)).
-140
Calculate 49 + (-4 + (0 - 4) + 60 + -34 - 11).
56
Calculate (16 + -1 + 105 + -127 - -8) + 49.
50
What is -4793 - -4822 - (0 + 3 - -4)?
22
Evaluate -76 - (-2896 - -2880 - (0 - 55)).
-115
Calculate 0 + -7 + (-4 - ((-22 + 2 - -10) + 14)).
-15
Calculate 21 + (-22 - 51 - -13 - 7).
-46
Calculate -116 - -79 - 73 - -182.
72
Evaluate 125 + -128 - (-41 - (6 - 1)).
43
13 + 39 + -6 + 2 - (-10 + 2)
56
Evaluate -29 + (-33 + -40 + 29 - -17).
-56
Evaluate -1 + (46 - (22 - 23)).
46
What is -2 + -258 + 239 + (2 - 49)?
-68
What is the value of 1 + 22 + (123 - 135) + -110 + -24 + 9?
-114
Evaluate -62 + 134 + -38 - (4 - 32).
62
What is the value of (-6 - (-46 - -52)) + (-16 - 1)?
-29
Evaluate 6 - 18 - (5 + (-15 - -16) - (2 + 27)).
11
Evaluate 211 + (147 - 354) - (-2 - -150).
-144
What is (-222 - -129) + (30 - 7)?
-70
Evaluate -43 - (11 + 32 + (-192 - -6)).
100
-156 - -67 - -105 - -113
129
What is the value of 48 + (-45 - -42) + -38?
7
Evaluate -1 + -2 + 1 - (-22 + (52 - -51) + -49).
-34
Evaluate 56 - -51 - (-2 + 196).
